{"id":294,"date":"2026-02-13T17:03:25","date_gmt":"2026-02-13T17:03:25","guid":{"rendered":"https:\/\/commeatted.ro\/?page_id=294"},"modified":"2026-02-13T17:14:24","modified_gmt":"2026-02-13T17:14:24","slug":"rezultate","status":"publish","type":"page","link":"https:\/\/commeatted.ro\/?page_id=294","title":{"rendered":"Rezultate"},"content":{"rendered":"\n<div class=\"wp-block-group alignfull has-global-padding is-layout-constrained wp-block-group-is-layout-constrained\" style=\"margin-top:0;margin-bottom:0;padding-top:0;padding-bottom:0\">\n<div class=\"wp-block-group has-global-padding is-layout-constrained wp-block-group-is-layout-constrained\">\n<div class=\"wp-block-buttons is-content-justification-center is-layout-flex wp-container-core-buttons-is-layout-a89b3969 wp-block-buttons-is-layout-flex\">\n<div class=\"wp-block-button\"><a class=\"wp-block-button__link wp-element-button\" href=\"https:\/\/commeatted.ro\/?page_id=46\">\ud83c\uddec\ud83c\udde7<\/a><\/div>\n\n\n\n<div class=\"wp-block-button\"><a class=\"wp-block-button__link has-custom-065-d-21-color has-custom-068-a-30-background-color has-text-color has-background has-link-color wp-element-button\" href=\"https:\/\/commeatted.ro\/?page_id=294\"><strong>\ud83c\uddf7\ud83c\uddf4<\/strong><\/a><\/div>\n<\/div>\n\n\n\n<div style=\"height:50px\" aria-hidden=\"true\" class=\"wp-block-spacer\"><\/div>\n\n\n\n<h1 class=\"wp-block-heading has-text-align-center\"><strong>Rezultatele estimate<\/strong> la nivelul \u00eentregului proiect:<\/h1>\n<\/div>\n\n\n\n<div class=\"wp-block-columns alignwide is-layout-flex wp-container-core-columns-is-layout-75e4c4bb wp-block-columns-is-layout-flex\" style=\"margin-top:var(--wp--preset--spacing--40);margin-bottom:0\">\n<div class=\"wp-block-column has-border-color has-accent-6-border-color has-global-padding is-content-justification-center is-layout-constrained wp-container-core-column-is-layout-860428b2 wp-block-column-is-layout-constrained\" style=\"border-width:1px;border-radius:10px;padding-top:var(--wp--preset--spacing--40);padding-right:var(--wp--preset--spacing--40);padding-bottom:var(--wp--preset--spacing--40);padding-left:var(--wp--preset--spacing--40)\">\n<div class=\"wp-block-buttons is-content-justification-center is-layout-flex wp-container-core-buttons-is-layout-d2a3880e wp-block-buttons-is-layout-flex\" style=\"margin-top:var(--wp--preset--spacing--30)\">\n<div class=\"wp-block-button is-style-outline is-style-outline--1\"><a class=\"wp-block-button__link has-custom-065-d-21-color has-accent-5-background-color has-text-color has-background has-link-color wp-element-button\">1. Obstacole \ud83d\udea7<\/a><\/div>\n<\/div>\n\n\n\n<p class=\"has-text-align-left is-style-text-annotation has-large-font-size is-style-text-annotation--2\">O mai bun\u0103 \u00een\u021belegere a stimulentelor \u0219i a obstacolelor \u00een cele cinci \u021b\u0103ri (Austria, Fran\u021ba, Irlanda, Norvegia \u0219i Rom\u00e2nia) \u00een ceea ce prive\u0219te tranzi\u021bia c\u0103tre produsele care \u00eenlocuiesc carnea;<\/p>\n<\/div>\n\n\n\n<div class=\"wp-block-column has-border-color has-accent-6-border-color has-global-padding is-content-justification-center is-layout-constrained wp-container-core-column-is-layout-860428b2 wp-block-column-is-layout-constrained\" style=\"border-width:1px;border-radius:10px;padding-top:var(--wp--preset--spacing--40);padding-right:var(--wp--preset--spacing--40);padding-bottom:var(--wp--preset--spacing--40);padding-left:var(--wp--preset--spacing--40)\">\n<div class=\"wp-block-buttons is-content-justification-center is-layout-flex wp-container-core-buttons-is-layout-d2a3880e wp-block-buttons-is-layout-flex\" style=\"margin-top:var(--wp--preset--spacing--30)\">\n<div class=\"wp-block-button is-style-outline is-style-outline--3\"><a class=\"wp-block-button__link has-custom-065-d-21-color has-accent-5-background-color has-text-color has-background has-link-color wp-element-button\">2. Context \ud83d\uddfa\ufe0f<\/a><\/div>\n<\/div>\n\n\n\n<p class=\"has-text-align-left is-style-text-annotation has-large-font-size is-style-text-annotation--4\">Generarea de cunoa\u0219tere privind valorile, actorii, discursurile, argumentele aduse \u00een favoarea \u0219i \u00eempotriva tranzi\u021biei alimentare spre produse care \u00eenlocuiesc carnea \u00een fiecare context na\u021bional, dar \u0219i la nivel european;<\/p>\n<\/div>\n\n\n\n<div class=\"wp-block-column has-border-color has-accent-6-border-color has-global-padding is-content-justification-center is-layout-constrained wp-container-core-column-is-layout-860428b2 wp-block-column-is-layout-constrained\" style=\"border-width:1px;border-radius:10px;padding-top:var(--wp--preset--spacing--40);padding-right:var(--wp--preset--spacing--40);padding-bottom:var(--wp--preset--spacing--40);padding-left:var(--wp--preset--spacing--40)\">\n<div class=\"wp-block-buttons is-content-justification-center is-layout-flex wp-container-core-buttons-is-layout-d2a3880e wp-block-buttons-is-layout-flex\" style=\"margin-top:var(--wp--preset--spacing--30)\">\n<div class=\"wp-block-button is-style-outline is-style-outline--5\"><a class=\"wp-block-button__link has-custom-065-d-21-color has-accent-5-background-color has-text-color has-background has-link-color wp-element-button\">3. Colaborare \ud83e\udd1d<\/a><\/div>\n<\/div>\n\n\n\n<p class=\"has-text-align-left is-style-text-annotation has-large-font-size is-style-text-annotation--6\">Generarea unei valori ad\u0103ugate prin colaborarea transna\u021bional\u0103 \u00eentre cele cinci \u021b\u0103ri \u0219i exper\u021bii din diverse domenii \u2013 precum marketing, geografie, \u0219tiin\u021ba mediului, agricultur\u0103, filosofie, psihologie, drept, antropologie, sociologie \u0219i nutri\u021bie \u2013 cu scopul de a armoniza legisla\u021bia, facilita partajarea datelor \u0219i dezvolta concepte inovatoare \u00een domeniul alimentelor alternative.<\/p>\n<\/div>\n<\/div>\n<\/div>\n\n\n\n<div style=\"height:25px\" aria-hidden=\"true\" class=\"wp-block-spacer\"><\/div>\n\n\n\n<div class=\"wp-block-group alignfull is-style-default has-global-padding is-layout-constrained wp-container-core-group-is-layout-9efca19f wp-block-group-is-layout-constrained\" style=\"margin-top:0;margin-bottom:0;padding-top:var(--wp--preset--spacing--40);padding-bottom:var(--wp--preset--spacing--40)\">\n<h1 class=\"wp-block-heading alignwide has-text-align-center is-style-default has-xx-large-font-size\">Rezultatele \u00een cele trei etape:<\/h1>\n\n\n\n<p class=\"has-text-align-center\">(\ud83d\udc47 Apas\u0103 pe butoanele de mai jos pentru a descoperi cele trei etape \u00een detaliu \ud83d\udc47)<\/p>\n\n\n\n<div class=\"wp-block-buttons has-custom-font-size has-small-font-size is-horizontal is-content-justification-space-between is-layout-flex wp-container-core-buttons-is-layout-7664b034 wp-block-buttons-is-layout-flex\">\n<div class=\"wp-block-button has-custom-width wp-block-button__width-25\"><a class=\"wp-block-button__link has-accent-5-color has-custom-068-a-30-background-color has-text-color has-background has-link-color has-medium-font-size has-custom-font-size wp-element-button\" href=\"https:\/\/commeatted.ro\/?page_id=296\"><strong><strong>Etapa<\/strong> 1: Identifica<\/strong>rea <strong>(2024)<\/strong><\/a><\/div>\n\n\n\n<div class=\"wp-block-button has-custom-width wp-block-button__width-25\"><a class=\"wp-block-button__link has-accent-5-color has-custom-068-a-30-background-color has-text-color has-background has-link-color has-medium-font-size has-custom-font-size wp-element-button\" href=\"https:\/\/commeatted.ro\/?page_id=298\"><strong>Etapa 2: <\/strong>Analiza calitativ\u0103<strong> (2025)<\/strong><\/a><\/div>\n\n\n\n<div class=\"wp-block-button has-custom-width wp-block-button__width-25\"><a class=\"wp-block-button__link has-accent-5-color has-custom-068-a-30-background-color has-text-color has-background has-link-color has-medium-font-size has-custom-font-size wp-element-button\" href=\"https:\/\/commeatted.ro\/?page_id=301\"><strong>Etapa 3: <\/strong>Transferul informa\u021biilor<strong> (2026)<\/strong><\/a><\/div>\n<\/div>\n\n\n\n<p class=\"has-text-align-center has-medium-font-size\">\ud83c\udf31 Vrei s\u0103 afli mai multe despre echipa noastr\u0103 interna\u021bional\u0103? Consult\u0103 <a href=\"https:\/\/dcs.univ-nantes.fr\/en\/scientific-research\/commeatted-project-scientific-research\" target=\"_blank\" rel=\"noreferrer noopener\">sec\u021biunea ComMEATted<\/a> de pe site-ul oficial al DCS.<\/p>\n<\/div>\n\n\n\n<div style=\"height:20px\" aria-hidden=\"true\" class=\"wp-block-spacer\"><\/div>\n\n\n\n<div class=\"wp-block-group alignfull has-global-padding is-layout-constrained wp-block-group-is-layout-constrained\" style=\"margin-top:0;margin-bottom:0;padding-top:0;padding-bottom:0\">\n<div class=\"wp-block-columns alignwide is-layout-flex wp-container-core-columns-is-layout-1d9f35bd wp-block-columns-is-layout-flex\">\n<div class=\"wp-block-column is-layout-flow wp-block-column-is-layout-flow\" style=\"border-style:none;border-width:0px;border-radius:10px;padding-top:var(--wp--preset--spacing--50);padding-right:var(--wp--preset--spacing--50);padding-bottom:var(--wp--preset--spacing--50);padding-left:var(--wp--preset--spacing--50)\">\n<h2 class=\"wp-block-heading has-text-align-center has-xx-large-font-size\" id=\"free\">Publica\u021bii:<\/h2>\n\n\n\n<div style=\"height:6px\" aria-hidden=\"true\" class=\"wp-block-spacer\"><\/div>\n\n\n\n<p class=\"has-text-align-left has-large-font-size\">\u2714\ufe0f Petrescu-Mag, R. M., Pistea, I., Ginsca, C., Cuibus, L., &amp; Petrescu, D. C. (2025). Meat replacers as part of sustainable food systems in Romania: A causal network model.\u00a0<em>Journal of Agriculture and Food Research<\/em>,\u00a0<em>21<\/em>, 101803. <a href=\"https:\/\/doi.org\/10.1016\/j.jafr.2025.101803\" target=\"_blank\" rel=\"noreferrer noopener\">https:\/\/doi.org\/10.1016\/j.jafr.2025.101803<\/a><\/p>\n\n\n\n<p class=\"has-large-font-size\">\u2714\ufe0f Petrescu-Mag, R. M., Petrescu-Mag, I. V., Petrescu, D. C., Ginsca, C., &amp; Pistea, I. (2025). Mapping the research landscape of meat replacers in Romania: A bibliometric analysis and a cross-cluster synergy model of emerging trends.\u00a0<em>Future Foods<\/em>,\u00a0<em>11<\/em>, 100619. <a href=\"https:\/\/doi.org\/10.1016\/j.fufo.2025.100619\" target=\"_blank\" rel=\"noreferrer noopener\">https:\/\/doi.org\/10.1016\/j.fufo.2025.100619<\/a><\/p>\n\n\n\n<p class=\"has-large-font-size\">\u2714\ufe0f Petrescu-Mag, R. M., &amp; Petrescu, D. C. (2025). Produse alternative la carne \u00een Rom\u00e2nia \u2013 rezultate din cercetarea calitativ\u0103 \u0219i analiza literaturii de specialitate \u00een proiectul ComMEATted. Zenodo.\u00a0<a href=\"https:\/\/doi.org\/10.5281\/zenodo.17347331\" target=\"_blank\" rel=\"noreferrer noopener\">https:\/\/doi.org\/10.5281\/zenodo.17347331<\/a><\/p>\n\n\n\n<p class=\"has-large-font-size\">\u2714\ufe0f Petrescu-Mag, R. M., Pistea, I. C., Ginsca, C., Cuibus, L., &amp; Petrescu, D. C. (2024). MEAT REPLACERS IN ROMANIA: PRELIMINARY FINDINGS IN A NUTSHELL (Versiunea 1). Zenodo.\u00a0<a href=\"https:\/\/doi.org\/10.5281\/zenodo.13927973\" target=\"_blank\" rel=\"noreferrer noopener\">https:\/\/doi.org\/10.5281\/zenodo.13927973<\/a><\/p>\n\n\n\n<p class=\"has-text-align-left has-large-font-size\">\u2714\ufe0f Petrescu-Mag, R. M., Pistea, I. C., Ginsca, C., Cuibus, L., &amp; Petrescu, D. C. (2024). INFOGRAPHIC MEAT REPLACERS IN ROMANIA: PRELIMINARY FINDINGS. Zenodo. <a href=\"https:\/\/doi.org\/10.5281\/zenodo.13929447\" target=\"_blank\" rel=\"noreferrer noopener\">https:\/\/doi.org\/10.5281\/zenodo.13929447<\/a><\/p>\n<\/div>\n<\/div>\n<\/div>\n","protected":false},"excerpt":{"rendered":"<p>Rezultatele estimate la nivelul \u00eentregului proiect: O mai bun\u0103 \u00een\u021belegere a stimulentelor \u0219i a obstacolelor \u00een cele cinci \u021b\u0103ri (Austria, Fran\u021ba, Irlanda, Norvegia \u0219i Rom\u00e2nia) \u00een ceea ce prive\u0219te tranzi\u021bia c\u0103tre produsele care \u00eenlocuiesc carnea; Generarea de cunoa\u0219tere privind valorile, actorii, discursurile, argumentele aduse \u00een favoarea \u0219i \u00eempotriva tranzi\u021biei alimentare spre produse care \u00eenlocuiesc carnea [&hellip;]<\/p>\n","protected":false},"author":1,"featured_media":0,"parent":0,"menu_order":0,"comment_status":"closed","ping_status":"closed","template":"","meta":{"footnotes":""},"class_list":["post-294","page","type-page","status-publish","hentry"],"_links":{"self":[{"href":"https:\/\/commeatted.ro\/index.php?rest_route=\/wp\/v2\/pages\/294","targetHints":{"allow":["GET"]}}],"collection":[{"href":"https:\/\/commeatted.ro\/index.php?rest_route=\/wp\/v2\/pages"}],"about":[{"href":"https:\/\/commeatted.ro\/index.php?rest_route=\/wp\/v2\/types\/page"}],"author":[{"embeddable":true,"href":"https:\/\/commeatted.ro\/index.php?rest_route=\/wp\/v2\/users\/1"}],"replies":[{"embeddable":true,"href":"https:\/\/commeatted.ro\/index.php?rest_route=%2Fwp%2Fv2%2Fcomments&post=294"}],"version-history":[{"count":6,"href":"https:\/\/commeatted.ro\/index.php?rest_route=\/wp\/v2\/pages\/294\/revisions"}],"predecessor-version":[{"id":337,"href":"https:\/\/commeatted.ro\/index.php?rest_route=\/wp\/v2\/pages\/294\/revisions\/337"}],"wp:attachment":[{"href":"https:\/\/commeatted.ro\/index.php?rest_route=%2Fwp%2Fv2%2Fmedia&parent=294"}],"curies":[{"name":"wp","href":"https:\/\/api.w.org\/{rel}","templated":true}]}}